{"id":129,"date":"2026-01-07T13:44:44","date_gmt":"2026-01-07T12:44:44","guid":{"rendered":"https:\/\/optimus.qsandbox.com\/zqs\/qbcj\/site\/kaushal-flavorbud\/?page_id=4"},"modified":"2026-03-27T17:59:13","modified_gmt":"2026-03-27T16:59:13","slug":"home","status":"publish","type":"page","link":"https:\/\/www.ferme-gresigne.fr\/web2\/","title":{"rendered":"Accueil"},"content":{"rendered":"\n<div class=\"mzb-section mzb-section-13b52859\"><div class=\"mzb-container-fluid\"><div class=\"mzb-section-inner\">\n<div class=\"mzb-column mzb-column-497464c3\"><div class=\"mzb-column-inner\"><div class=\"mzb-banner-posts mzb-banner-posts-11220fef  mzb-heading-layout-1-style-1\"><div class=\"mzb-post-heading mzb-heading-layout-1 mzb-heading-layout-1-style-1\"><\/div><div class=\"mzb-posts mzb-layout-2 mzb-layout-2-style-3\"><div class=\"mzb-post mzb-first-post--highlight\"><div class=\"mzb-featured-image none\"><a href=\"https:\/\/www.ferme-gresigne.fr\/web2\/536\/stages-et-sejours-jeunes\/\" alt=\"Stages et s\u00e9jours jeunes\"\/><img decoding=\"async\" src=\"https:\/\/www.ferme-gresigne.fr\/web2\/wp-content\/uploads\/IMG_6406-scaled.jpg\" alt=\"Stages et s\u00e9jours jeunes\"\/><\/a><\/div><div class=\"mzb-post-content\"><div class=\"mzb-post-meta\"><span class=\"mzb-post-categories\"><a href=\"https:\/\/www.ferme-gresigne.fr\/web2\/category\/a-la-une\/\" rel=\"category tag\" class=\"category-link category-link-6\">A la Une<\/a><\/span><\/div><h3 class=\"mzb-post-title\"><a href=\"https:\/\/www.ferme-gresigne.fr\/web2\/536\/stages-et-sejours-jeunes\/\">Stages et s\u00e9jours jeunes<\/a><\/h3><div class=\"mzb-post-entry-meta mzb-meta-separator--none\"><span class=\"mzb-post-author\"><img decoding=\"async\" class=\"post-author-image\" src=\"https:\/\/secure.gravatar.com\/avatar\/45a193e99338621692f7cc34a91a0c68eb7d9904b2f37c44a23c9fd7e4c89a07?s=96&#038;d=mm&#038;r=g\"\/><a href=\"https:\/\/www.ferme-gresigne.fr\/web2\/author\/fabrice\/\" title=\"Articles par Fabrice\" rel=\"author\">Fabrice<\/a><\/span><span class=\"mzb-post-date\"><svg class=\"mzb-icon mzb-icon--calender\" xmlns=\"http:\/\/www.w3.org\/2000\/svg\" viewBox=\"0 0 14 14\">\n                <path d=\"M1.892 12.929h10.214V5.5H1.892v7.429zm2.786-8.822v-2.09a.226.226 0 00-.066-.166.226.226 0 00-.166-.065H3.98a.226.226 0 00-.167.065.226.226 0 00-.065.167v2.09c0 .067.022.122.065.166.044.044.1.065.167.065h.465a.226.226 0 00.166-.065.226.226 0 00.066-.167zm5.571 0v-2.09a.226.226 0 00-.065-.166.226.226 0 00-.167-.065h-.464a.226.226 0 00-.167.065.226.226 0 00-.065.167v2.09c0 .067.021.122.065.166.043.044.099.065.167.065h.464a.226.226 0 00.167-.065.226.226 0 00.065-.167zm2.786-.464v9.286c0 .251-.092.469-.276.652a.892.892 0 01-.653.276H1.892a.892.892 0 01-.653-.275.892.892 0 01-.276-.653V3.643c0-.252.092-.47.276-.653a.892.892 0 01.653-.276h.929v-.696c0-.32.113-.593.34-.82.228-.227.501-.34.82-.34h.465c.319 0 .592.113.82.34.227.227.34.5.34.82v.696h2.786v-.696c0-.32.114-.593.34-.82.228-.227.501-.34.82-.34h.465c.32 0 .592.113.82.34.227.227.34.5.34.82v.696h.93c.25 0 .468.092.652.276a.892.892 0 01.276.653z\" \/>\n            <\/svg><a href=\"https:\/\/www.ferme-gresigne.fr\/web2\/536\/stages-et-sejours-jeunes\/\">27 mars 2026<\/a><\/span><\/div><\/div><\/div><div class=\"mzb-post\"><div class=\"mzb-featured-image none\"><a href=\"https:\/\/www.ferme-gresigne.fr\/web2\/627\/trec-26-avril-2026\/\" alt=\"TREC : 26 avril 2026\"\/><img decoding=\"async\" src=\"https:\/\/www.ferme-gresigne.fr\/web2\/wp-content\/uploads\/TREC-sans-date-site.jpg\" alt=\"TREC : 26 avril 2026\"\/><\/a><\/div><div class=\"mzb-post-content\"><div class=\"mzb-post-meta\"><span class=\"mzb-post-categories\"><a href=\"https:\/\/www.ferme-gresigne.fr\/web2\/category\/a-la-une\/\" rel=\"category tag\" class=\"category-link category-link-6\">A la Une<\/a><\/span><\/div><h3 class=\"mzb-post-title\"><a href=\"https:\/\/www.ferme-gresigne.fr\/web2\/627\/trec-26-avril-2026\/\">TREC : 26 avril 2026<\/a><\/h3><\/div><\/div><div class=\"mzb-post\"><div class=\"mzb-featured-image none\"><a href=\"https:\/\/www.ferme-gresigne.fr\/web2\/632\/omelette-de-paques\/\" alt=\"Omelette de P\u00e2ques\"\/><img decoding=\"async\" src=\"https:\/\/www.ferme-gresigne.fr\/web2\/wp-content\/uploads\/omelette2026web.jpg\" alt=\"Omelette de P\u00e2ques\"\/><\/a><\/div><div class=\"mzb-post-content\"><div class=\"mzb-post-meta\"><span class=\"mzb-post-categories\"><a href=\"https:\/\/www.ferme-gresigne.fr\/web2\/category\/a-la-une\/\" rel=\"category tag\" class=\"category-link category-link-6\">A la Une<\/a><\/span><\/div><h3 class=\"mzb-post-title\"><a href=\"https:\/\/www.ferme-gresigne.fr\/web2\/632\/omelette-de-paques\/\">Omelette de P\u00e2ques<\/a><\/h3><\/div><\/div><\/div><\/div><\/div><\/div>\n<\/div><\/div><\/div>\n\n\n\n<div class=\"alignfull mzb-section mzb-section-1eeedc25 alignfull\"><div class=\"mzb-container-fluid\"><div class=\"mzb-section-inner\">\n<div class=\"mzb-column mzb-column-34a256ef\"><div class=\"mzb-column-inner\"><div class=\"mzb-grid-module mzb-grid-module-c29276d2 cm-block-alignfull mzb-layout-2 mzb-layout-2-style-1\"><div class=\"mzb-post-heading mzb-heading-layout-1 mzb-heading-layout-1-style-1\"><\/div><div class=\"mzb-posts mzb-layout-2 mzb-layout-2-style-1 mzb-post-col--4 mzb-number-list__default mzb-number-list__with-text\"><div class=\"mzb-post\"><div class=\"mzb-featured-image none\"><a href=\"https:\/\/www.ferme-gresigne.fr\/web2\/547\/decouvrir-le-poney-et-lequitation\/\" title=\"D\u00e9couvrir le poney et l&rsquo;\u00e9quitation\"><img decoding=\"async\" src=\"https:\/\/www.ferme-gresigne.fr\/web2\/wp-content\/uploads\/cours-poneys-scaled.webp\" alt=\"D\u00e9couvrir le poney et l&rsquo;\u00e9quitation\"\/><div class=\"mzb-overlay\"><\/div><\/a><\/div><div class=\"mzb-post-content\"><h6 class=\"mzb-post-title\"><a href=\"https:\/\/www.ferme-gresigne.fr\/web2\/547\/decouvrir-le-poney-et-lequitation\/\">D\u00e9couvrir le poney et l&rsquo;\u00e9quitation<\/a><\/h6><div class=\"mzb-post-entry-meta mzb-meta-separator--none\"><span class=\"mzb-post-author\"><img decoding=\"async\" class=\"post-author-image\" src=\"https:\/\/secure.gravatar.com\/avatar\/45a193e99338621692f7cc34a91a0c68eb7d9904b2f37c44a23c9fd7e4c89a07?s=96&#038;d=mm&#038;r=g\"\/><a href=\"https:\/\/www.ferme-gresigne.fr\/web2\/author\/fabrice\/\" title=\"Articles par Fabrice\" rel=\"author\">Fabrice<\/a><\/span><span class=\"mzb-post-date\"><svg class=\"mzb-icon mzb-icon--calender\" xmlns=\"http:\/\/www.w3.org\/2000\/svg\" viewBox=\"0 0 14 14\">\n                <path d=\"M1.892 12.929h10.214V5.5H1.892v7.429zm2.786-8.822v-2.09a.226.226 0 00-.066-.166.226.226 0 00-.166-.065H3.98a.226.226 0 00-.167.065.226.226 0 00-.065.167v2.09c0 .067.022.122.065.166.044.044.1.065.167.065h.465a.226.226 0 00.166-.065.226.226 0 00.066-.167zm5.571 0v-2.09a.226.226 0 00-.065-.166.226.226 0 00-.167-.065h-.464a.226.226 0 00-.167.065.226.226 0 00-.065.167v2.09c0 .067.021.122.065.166.043.044.099.065.167.065h.464a.226.226 0 00.167-.065.226.226 0 00.065-.167zm2.786-.464v9.286c0 .251-.092.469-.276.652a.892.892 0 01-.653.276H1.892a.892.892 0 01-.653-.275.892.892 0 01-.276-.653V3.643c0-.252.092-.47.276-.653a.892.892 0 01.653-.276h.929v-.696c0-.32.113-.593.34-.82.228-.227.501-.34.82-.34h.465c.319 0 .592.113.82.34.227.227.34.5.34.82v.696h2.786v-.696c0-.32.114-.593.34-.82.228-.227.501-.34.82-.34h.465c.32 0 .592.113.82.34.227.227.34.5.34.82v.696h.93c.25 0 .468.092.652.276a.892.892 0 01.276.653z\" \/>\n            <\/svg><a href=\"https:\/\/www.ferme-gresigne.fr\/web2\/547\/decouvrir-le-poney-et-lequitation\/\">8 janvier 2026<\/a><\/span><\/div><\/div><\/div><div class=\"mzb-post\"><div class=\"mzb-featured-image none\"><a href=\"https:\/\/www.ferme-gresigne.fr\/web2\/550\/devenir-cavalier-et-progresser\/\" title=\"Devenir cavalier et progresser\"><img decoding=\"async\" src=\"https:\/\/www.ferme-gresigne.fr\/web2\/wp-content\/uploads\/cavalier.jpg\" alt=\"Devenir cavalier et progresser\"\/><div class=\"mzb-overlay\"><\/div><\/a><\/div><div class=\"mzb-post-content\"><h6 class=\"mzb-post-title\"><a href=\"https:\/\/www.ferme-gresigne.fr\/web2\/550\/devenir-cavalier-et-progresser\/\">Devenir cavalier et progresser<\/a><\/h6><div class=\"mzb-post-entry-meta mzb-meta-separator--none\"><span class=\"mzb-post-author\"><img decoding=\"async\" class=\"post-author-image\" src=\"https:\/\/secure.gravatar.com\/avatar\/45a193e99338621692f7cc34a91a0c68eb7d9904b2f37c44a23c9fd7e4c89a07?s=96&#038;d=mm&#038;r=g\"\/><a href=\"https:\/\/www.ferme-gresigne.fr\/web2\/author\/fabrice\/\" title=\"Articles par Fabrice\" rel=\"author\">Fabrice<\/a><\/span><span class=\"mzb-post-date\"><svg class=\"mzb-icon mzb-icon--calender\" xmlns=\"http:\/\/www.w3.org\/2000\/svg\" viewBox=\"0 0 14 14\">\n                <path d=\"M1.892 12.929h10.214V5.5H1.892v7.429zm2.786-8.822v-2.09a.226.226 0 00-.066-.166.226.226 0 00-.166-.065H3.98a.226.226 0 00-.167.065.226.226 0 00-.065.167v2.09c0 .067.022.122.065.166.044.044.1.065.167.065h.465a.226.226 0 00.166-.065.226.226 0 00.066-.167zm5.571 0v-2.09a.226.226 0 00-.065-.166.226.226 0 00-.167-.065h-.464a.226.226 0 00-.167.065.226.226 0 00-.065.167v2.09c0 .067.021.122.065.166.043.044.099.065.167.065h.464a.226.226 0 00.167-.065.226.226 0 00.065-.167zm2.786-.464v9.286c0 .251-.092.469-.276.652a.892.892 0 01-.653.276H1.892a.892.892 0 01-.653-.275.892.892 0 01-.276-.653V3.643c0-.252.092-.47.276-.653a.892.892 0 01.653-.276h.929v-.696c0-.32.113-.593.34-.82.228-.227.501-.34.82-.34h.465c.319 0 .592.113.82.34.227.227.34.5.34.82v.696h2.786v-.696c0-.32.114-.593.34-.82.228-.227.501-.34.82-.34h.465c.32 0 .592.113.82.34.227.227.34.5.34.82v.696h.93c.25 0 .468.092.652.276a.892.892 0 01.276.653z\" \/>\n            <\/svg><a href=\"https:\/\/www.ferme-gresigne.fr\/web2\/550\/devenir-cavalier-et-progresser\/\">8 janvier 2026<\/a><\/span><\/div><\/div><\/div><div class=\"mzb-post\"><div class=\"mzb-featured-image none\"><a href=\"https:\/\/www.ferme-gresigne.fr\/web2\/553\/balade-avec-un-ane\/\" title=\"Balade avec un \u00e2ne\"><img decoding=\"async\" src=\"https:\/\/www.ferme-gresigne.fr\/web2\/wp-content\/uploads\/balade-anes.jpg\" alt=\"Balade avec un \u00e2ne\"\/><div class=\"mzb-overlay\"><\/div><\/a><\/div><div class=\"mzb-post-content\"><h6 class=\"mzb-post-title\"><a href=\"https:\/\/www.ferme-gresigne.fr\/web2\/553\/balade-avec-un-ane\/\">Balade avec un \u00e2ne<\/a><\/h6><div class=\"mzb-post-entry-meta mzb-meta-separator--none\"><span class=\"mzb-post-author\"><img decoding=\"async\" class=\"post-author-image\" src=\"https:\/\/secure.gravatar.com\/avatar\/45a193e99338621692f7cc34a91a0c68eb7d9904b2f37c44a23c9fd7e4c89a07?s=96&#038;d=mm&#038;r=g\"\/><a href=\"https:\/\/www.ferme-gresigne.fr\/web2\/author\/fabrice\/\" title=\"Articles par Fabrice\" rel=\"author\">Fabrice<\/a><\/span><span class=\"mzb-post-date\"><svg class=\"mzb-icon mzb-icon--calender\" xmlns=\"http:\/\/www.w3.org\/2000\/svg\" viewBox=\"0 0 14 14\">\n                <path d=\"M1.892 12.929h10.214V5.5H1.892v7.429zm2.786-8.822v-2.09a.226.226 0 00-.066-.166.226.226 0 00-.166-.065H3.98a.226.226 0 00-.167.065.226.226 0 00-.065.167v2.09c0 .067.022.122.065.166.044.044.1.065.167.065h.465a.226.226 0 00.166-.065.226.226 0 00.066-.167zm5.571 0v-2.09a.226.226 0 00-.065-.166.226.226 0 00-.167-.065h-.464a.226.226 0 00-.167.065.226.226 0 00-.065.167v2.09c0 .067.021.122.065.166.043.044.099.065.167.065h.464a.226.226 0 00.167-.065.226.226 0 00.065-.167zm2.786-.464v9.286c0 .251-.092.469-.276.652a.892.892 0 01-.653.276H1.892a.892.892 0 01-.653-.275.892.892 0 01-.276-.653V3.643c0-.252.092-.47.276-.653a.892.892 0 01.653-.276h.929v-.696c0-.32.113-.593.34-.82.228-.227.501-.34.82-.34h.465c.319 0 .592.113.82.34.227.227.34.5.34.82v.696h2.786v-.696c0-.32.114-.593.34-.82.228-.227.501-.34.82-.34h.465c.32 0 .592.113.82.34.227.227.34.5.34.82v.696h.93c.25 0 .468.092.652.276a.892.892 0 01.276.653z\" \/>\n            <\/svg><a href=\"https:\/\/www.ferme-gresigne.fr\/web2\/553\/balade-avec-un-ane\/\">8 janvier 2026<\/a><\/span><\/div><\/div><\/div><div class=\"mzb-post\"><div class=\"mzb-featured-image none\"><a href=\"https:\/\/www.ferme-gresigne.fr\/web2\/556\/elevage-appaloosa\/\" title=\"\u00c9levage Appaloosa\"><img decoding=\"async\" src=\"https:\/\/www.ferme-gresigne.fr\/web2\/wp-content\/uploads\/Ory_2024-05-12-a.jpg\" alt=\"\u00c9levage Appaloosa\"\/><div class=\"mzb-overlay\"><\/div><\/a><\/div><div class=\"mzb-post-content\"><h6 class=\"mzb-post-title\"><a href=\"https:\/\/www.ferme-gresigne.fr\/web2\/556\/elevage-appaloosa\/\">\u00c9levage Appaloosa<\/a><\/h6><div class=\"mzb-post-entry-meta mzb-meta-separator--none\"><span class=\"mzb-post-author\"><img decoding=\"async\" class=\"post-author-image\" src=\"https:\/\/secure.gravatar.com\/avatar\/45a193e99338621692f7cc34a91a0c68eb7d9904b2f37c44a23c9fd7e4c89a07?s=96&#038;d=mm&#038;r=g\"\/><a href=\"https:\/\/www.ferme-gresigne.fr\/web2\/author\/fabrice\/\" title=\"Articles par Fabrice\" rel=\"author\">Fabrice<\/a><\/span><span class=\"mzb-post-date\"><svg class=\"mzb-icon mzb-icon--calender\" xmlns=\"http:\/\/www.w3.org\/2000\/svg\" viewBox=\"0 0 14 14\">\n                <path d=\"M1.892 12.929h10.214V5.5H1.892v7.429zm2.786-8.822v-2.09a.226.226 0 00-.066-.166.226.226 0 00-.166-.065H3.98a.226.226 0 00-.167.065.226.226 0 00-.065.167v2.09c0 .067.022.122.065.166.044.044.1.065.167.065h.465a.226.226 0 00.166-.065.226.226 0 00.066-.167zm5.571 0v-2.09a.226.226 0 00-.065-.166.226.226 0 00-.167-.065h-.464a.226.226 0 00-.167.065.226.226 0 00-.065.167v2.09c0 .067.021.122.065.166.043.044.099.065.167.065h.464a.226.226 0 00.167-.065.226.226 0 00.065-.167zm2.786-.464v9.286c0 .251-.092.469-.276.652a.892.892 0 01-.653.276H1.892a.892.892 0 01-.653-.275.892.892 0 01-.276-.653V3.643c0-.252.092-.47.276-.653a.892.892 0 01.653-.276h.929v-.696c0-.32.113-.593.34-.82.228-.227.501-.34.82-.34h.465c.319 0 .592.113.82.34.227.227.34.5.34.82v.696h2.786v-.696c0-.32.114-.593.34-.82.228-.227.501-.34.82-.34h.465c.32 0 .592.113.82.34.227.227.34.5.34.82v.696h.93c.25 0 .468.092.652.276a.892.892 0 01.276.653z\" \/>\n            <\/svg><a href=\"https:\/\/www.ferme-gresigne.fr\/web2\/556\/elevage-appaloosa\/\">8 janvier 2026<\/a><\/span><\/div><\/div><\/div><\/div><\/div><\/div><\/div>\n<\/div><\/div><\/div>\n\n\n\n<hr class=\"wp-block-separator has-alpha-channel-opacity\"\/>\n\n\n\n<div class=\"wp-block-columns is-layout-flex wp-container-core-columns-is-layout-28f84493 wp-block-columns-is-layout-flex\">\n<div class=\"wp-block-column is-layout-flow wp-block-column-is-layout-flow\" style=\"flex-basis:100%\">\n<div class=\"wp-block-columns is-layout-flex wp-container-core-columns-is-layout-28f84493 wp-block-columns-is-layout-flex\">\n<div class=\"wp-block-column is-layout-flow wp-block-column-is-layout-flow\">\n\n\n<figure class=\"wp-block-boldblocks-youtube-block\"><div id=\"yb-video-irQo5vuZmYk\" class=\"yb-player\" data-video-id=\"irQo5vuZmYk\" data-title=\"Play\" style=\"background-image:url(https:\/\/img.youtube.com\/vi\/irQo5vuZmYk\/hqdefault.jpg)\"><button type=\"button\" class=\"yb-btn-play\"><span class=\"visually-hidden\">Play<\/span><\/button><\/div><figcaption class=\"yb-caption\"><strong>A cheval dans le vignoble du Gaillac<\/strong><\/figcaption><\/figure>\n\n\n\n<iframe loading=\"lazy\" id=\"widget_autocomplete_preview\"  width=\"400\" height=\"150\" frameborder=\"0\" src=\"https:\/\/meteofrance.com\/widget\/prevision\/812430##009688BF\" title=\"Pr\u00e9visions Saint-Beauzile par M\u00e9t\u00e9o-France\"> <\/iframe>\n<\/div>\n\n\n\n<div class=\"wp-block-column is-layout-flow wp-block-column-is-layout-flow\">\n<h3 class=\"wp-block-heading\">Nos coordonn\u00e9es :<\/h3>\n\n\n\n<p><strong>Coordonn\u00e9es GPS :<\/strong><br>44.03885 N &#8211; 1.81845 E<br><br><strong>Ferme \u00c9questre de la Gr\u00e9signe<\/strong><br>650 chemin des Gr\u00e8zes<br>Lieu-dit Les Gr\u00e8zes<br>81140 St Beauzile<br><br>t\u00e9l : 05.63.33.12.65<br>port : 06.26.39.81.56<br><br><a href=\"mailto:centre-equestre-gresigne@orange.fr\">centre-equestre-gresigne@orange.fr<\/a><br>ou<br><a href=\"mailto:contact@ferme-gresigne.fr\">contact@ferme-gresigne.fr<\/a><\/p>\n<\/div>\n<\/div>\n<\/div>\n<\/div>\n\n\n\n<hr class=\"wp-block-separator has-alpha-channel-opacity\"\/>\n\n\n\n<h2 class=\"wp-block-heading\">Nos labels qualit\u00e9 :<\/h2>\n\n\n\n<div class=\"wp-block-columns is-layout-flex wp-container-core-columns-is-layout-28f84493 wp-block-columns-is-layout-flex\">\n<div class=\"wp-block-column is-layout-flow wp-block-column-is-layout-flow\">\n<div class=\"wp-block-columns is-layout-flex wp-container-core-columns-is-layout-28f84493 wp-block-columns-is-layout-flex\">\n<div class=\"wp-block-column is-layout-flow wp-block-column-is-layout-flow\">\n<figure class=\"wp-block-image size-full\"><img loading=\"lazy\" decoding=\"async\" width=\"300\" height=\"293\" src=\"https:\/\/www.ferme-gresigne.fr\/web2\/wp-content\/uploads\/2026\/01\/cheval-club-de-france.jpg\" alt=\"\" class=\"wp-image-393\"\/><\/figure>\n<\/div>\n\n\n\n<div class=\"wp-block-column is-layout-flow wp-block-column-is-layout-flow\">\n<figure class=\"wp-block-image size-full\"><img loading=\"lazy\" decoding=\"async\" width=\"300\" height=\"297\" src=\"https:\/\/www.ferme-gresigne.fr\/web2\/wp-content\/uploads\/2026\/01\/poney-club-de-france.jpg\" alt=\"\" class=\"wp-image-396\" srcset=\"https:\/\/www.ferme-gresigne.fr\/web2\/wp-content\/uploads\/2026\/01\/poney-club-de-france.jpg 300w, https:\/\/www.ferme-gresigne.fr\/web2\/wp-content\/uploads\/2026\/01\/poney-club-de-france-150x150.jpg 150w\" sizes=\"auto, (max-width: 300px) 100vw, 300px\" \/><\/figure>\n<\/div>\n<\/div>\n<\/div>\n\n\n\n<div class=\"wp-block-column is-layout-flow wp-block-column-is-layout-flow\">\n<div class=\"wp-block-columns is-layout-flex wp-container-core-columns-is-layout-28f84493 wp-block-columns-is-layout-flex\">\n<div class=\"wp-block-column is-layout-flow wp-block-column-is-layout-flow\">\n<figure class=\"wp-block-image size-full is-resized\"><img loading=\"lazy\" decoding=\"async\" width=\"200\" height=\"300\" src=\"https:\/\/www.ferme-gresigne.fr\/web2\/wp-content\/uploads\/2026\/01\/EFE.jpg\" alt=\"\" class=\"wp-image-394\" style=\"width:155px;height:auto\"\/><\/figure>\n<\/div>\n\n\n\n<div class=\"wp-block-column is-layout-flow wp-block-column-is-layout-flow\">\n<figure class=\"wp-block-image size-full is-resized\"><img loading=\"lazy\" decoding=\"async\" width=\"200\" height=\"300\" src=\"https:\/\/www.ferme-gresigne.fr\/web2\/wp-content\/uploads\/2026\/01\/v_tour-eq.jpg\" alt=\"\" class=\"wp-image-397\" style=\"width:149px;height:auto\"\/><\/figure>\n<\/div>\n<\/div>\n<\/div>\n\n\n\n<div class=\"wp-block-column is-layout-flow wp-block-column-is-layout-flow\">\n<div class=\"wp-block-columns is-layout-flex wp-container-core-columns-is-layout-28f84493 wp-block-columns-is-layout-flex\">\n<div class=\"wp-block-column is-layout-flow wp-block-column-is-layout-flow\">\n<figure class=\"wp-block-image size-full is-resized\"><img loading=\"lazy\" decoding=\"async\" width=\"195\" height=\"300\" src=\"https:\/\/www.ferme-gresigne.fr\/web2\/wp-content\/uploads\/2026\/01\/Label-Cheval-Etape.jpg\" alt=\"\" class=\"wp-image-395\" style=\"width:142px;height:auto\"\/><\/figure>\n<\/div>\n\n\n\n<div class=\"wp-block-column is-layout-flow wp-block-column-is-layout-flow\">\n<figure class=\"wp-block-image size-full is-resized\"><img loading=\"lazy\" decoding=\"async\" width=\"500\" height=\"500\" src=\"https:\/\/www.ferme-gresigne.fr\/web2\/wp-content\/uploads\/2026\/01\/Label_BienEtreAnimal.jpg\" alt=\"\" class=\"wp-image-398\" style=\"width:217px;height:auto\" srcset=\"https:\/\/www.ferme-gresigne.fr\/web2\/wp-content\/uploads\/2026\/01\/Label_BienEtreAnimal.jpg 500w, https:\/\/www.ferme-gresigne.fr\/web2\/wp-content\/uploads\/2026\/01\/Label_BienEtreAnimal-300x300.jpg 300w, https:\/\/www.ferme-gresigne.fr\/web2\/wp-content\/uploads\/2026\/01\/Label_BienEtreAnimal-150x150.jpg 150w\" sizes=\"auto, (max-width: 500px) 100vw, 500px\" \/><\/figure>\n<\/div>\n<\/div>\n<\/div>\n<\/div>\n\n\n\n<hr class=\"wp-block-separator has-alpha-channel-opacity\"\/>\n\n\n\n<h2 class=\"wp-block-heading\">Partenaires &amp; institutions :<\/h2>\n\n\n\n<div class=\"wp-block-columns is-layout-flex wp-container-core-columns-is-layout-28f84493 wp-block-columns-is-layout-flex\">\n<div class=\"wp-block-column is-layout-flow wp-block-column-is-layout-flow\">\n<div class=\"wp-block-columns is-layout-flex wp-container-core-columns-is-layout-28f84493 wp-block-columns-is-layout-flex\">\n<div class=\"wp-block-column is-layout-flow wp-block-column-is-layout-flow\">\n<figure class=\"wp-block-image size-full\"><a href=\"http:\/\/www.ffe.com\/\" target=\"_blank\" rel=\" noreferrer noopener\"><img loading=\"lazy\" decoding=\"async\" width=\"564\" height=\"423\" src=\"https:\/\/www.ferme-gresigne.fr\/web2\/wp-content\/uploads\/Logo-FFE.jpg\" alt=\"\" class=\"wp-image-569\" srcset=\"https:\/\/www.ferme-gresigne.fr\/web2\/wp-content\/uploads\/Logo-FFE.jpg 564w, https:\/\/www.ferme-gresigne.fr\/web2\/wp-content\/uploads\/Logo-FFE-300x225.jpg 300w\" sizes=\"auto, (max-width: 564px) 100vw, 564px\" \/><\/a><\/figure>\n<\/div>\n\n\n\n<div class=\"wp-block-column is-layout-flow wp-block-column-is-layout-flow\">\n<figure class=\"wp-block-image size-large is-resized\"><a href=\"https:\/\/www.equitation-occitanie.fr\/\" target=\"_blank\" rel=\" noreferrer noopener\"><img loading=\"lazy\" decoding=\"async\" width=\"1024\" height=\"902\" src=\"https:\/\/www.ferme-gresigne.fr\/web2\/wp-content\/uploads\/logoCREoccitanie-1024x902.jpg\" alt=\"\" class=\"wp-image-570\" style=\"aspect-ratio:1.1352482678345897;width:185px;height:auto\" srcset=\"https:\/\/www.ferme-gresigne.fr\/web2\/wp-content\/uploads\/logoCREoccitanie-1024x902.jpg 1024w, https:\/\/www.ferme-gresigne.fr\/web2\/wp-content\/uploads\/logoCREoccitanie-300x264.jpg 300w, https:\/\/www.ferme-gresigne.fr\/web2\/wp-content\/uploads\/logoCREoccitanie-768x677.jpg 768w, https:\/\/www.ferme-gresigne.fr\/web2\/wp-content\/uploads\/logoCREoccitanie-1536x1353.jpg 1536w, https:\/\/www.ferme-gresigne.fr\/web2\/wp-content\/uploads\/logoCREoccitanie.jpg 1884w\" sizes=\"auto, (max-width: 1024px) 100vw, 1024px\" \/><\/a><\/figure>\n<\/div>\n\n\n\n<div class=\"wp-block-column is-layout-flow wp-block-column-is-layout-flow\">\n<figure class=\"wp-block-image size-full is-resized\"><a href=\"http:\/\/www.cdetarn.ffe.com\/\" target=\"_blank\" rel=\" noreferrer noopener\"><img loading=\"lazy\" decoding=\"async\" width=\"450\" height=\"450\" src=\"https:\/\/www.ferme-gresigne.fr\/web2\/wp-content\/uploads\/logo-cde.jpg\" alt=\"\" class=\"wp-image-571\" style=\"width:175px;height:auto\" srcset=\"https:\/\/www.ferme-gresigne.fr\/web2\/wp-content\/uploads\/logo-cde.jpg 450w, https:\/\/www.ferme-gresigne.fr\/web2\/wp-content\/uploads\/logo-cde-300x300.jpg 300w, https:\/\/www.ferme-gresigne.fr\/web2\/wp-content\/uploads\/logo-cde-150x150.jpg 150w\" sizes=\"auto, (max-width: 450px) 100vw, 450px\" \/><\/a><\/figure>\n<\/div>\n<\/div>\n<\/div>\n\n\n\n<div class=\"wp-block-column is-layout-flow wp-block-column-is-layout-flow\">\n<div class=\"wp-block-columns is-layout-flex wp-container-core-columns-is-layout-28f84493 wp-block-columns-is-layout-flex\">\n<div class=\"wp-block-column is-layout-flow wp-block-column-is-layout-flow\">\n<figure class=\"wp-block-image size-full is-resized\"><a href=\"https:\/\/tarnacheval.fr\/\" target=\"_blank\" rel=\" noreferrer noopener\"><img loading=\"lazy\" decoding=\"async\" width=\"512\" height=\"512\" src=\"https:\/\/www.ferme-gresigne.fr\/web2\/wp-content\/uploads\/tarnacheval.jpg\" alt=\"\" class=\"wp-image-576\" style=\"width:184px;height:auto\" srcset=\"https:\/\/www.ferme-gresigne.fr\/web2\/wp-content\/uploads\/tarnacheval.jpg 512w, https:\/\/www.ferme-gresigne.fr\/web2\/wp-content\/uploads\/tarnacheval-300x300.jpg 300w, https:\/\/www.ferme-gresigne.fr\/web2\/wp-content\/uploads\/tarnacheval-150x150.jpg 150w\" sizes=\"auto, (max-width: 512px) 100vw, 512px\" \/><\/a><\/figure>\n<\/div>\n\n\n\n<div class=\"wp-block-column is-layout-flow wp-block-column-is-layout-flow\">\n<figure class=\"wp-block-image size-full is-resized\"><a href=\"https:\/\/www.appaloosa.com\" target=\"_blank\" rel=\" noreferrer noopener\"><img loading=\"lazy\" decoding=\"async\" width=\"174\" height=\"125\" src=\"https:\/\/www.ferme-gresigne.fr\/web2\/wp-content\/uploads\/ApHC.png\" alt=\"\" class=\"wp-image-572\" style=\"width:189px;height:auto\"\/><\/a><\/figure>\n<\/div>\n\n\n\n<div class=\"wp-block-column is-layout-flow wp-block-column-is-layout-flow\">\n<figure class=\"wp-block-image size-full is-resized\"><a href=\"https:\/\/www.facebook.com\/groups\/111300512228296\/\" target=\"_blank\" rel=\" noreferrer noopener\"><img loading=\"lazy\" decoding=\"async\" width=\"680\" height=\"455\" src=\"https:\/\/www.ferme-gresigne.fr\/web2\/wp-content\/uploads\/LeurBonheurPre.jpg\" alt=\"\" class=\"wp-image-574\" style=\"aspect-ratio:1.4945450437302235;width:205px;height:auto\" srcset=\"https:\/\/www.ferme-gresigne.fr\/web2\/wp-content\/uploads\/LeurBonheurPre.jpg 680w, https:\/\/www.ferme-gresigne.fr\/web2\/wp-content\/uploads\/LeurBonheurPre-300x201.jpg 300w\" sizes=\"auto, (max-width: 680px) 100vw, 680px\" \/><\/a><\/figure>\n<\/div>\n<\/div>\n<\/div>\n<\/div>\n\n\n\n<p><\/p>\n","protected":false},"excerpt":{"rendered":"<p>Nos coordonn\u00e9es : Coordonn\u00e9es GPS :44.03885 N &#8211; 1.81845 E Ferme \u00c9questre de la Gr\u00e9signe650 chemin des Gr\u00e8zesLieu-dit Les Gr\u00e8zes81140<\/p>\n","protected":false},"author":1,"featured_media":0,"parent":0,"menu_order":0,"comment_status":"open","ping_status":"closed","template":"page-templates\/page-builder.php","meta":{"colormag_page_container_layout":"no_sidebar_content_centered","colormag_page_sidebar_layout":"no_sidebar","footnotes":""},"class_list":["post-129","page","type-page","status-publish","hentry"],"magazineBlocksPostFeaturedMedia":{"thumbnail":false,"medium":false,"medium_large":false,"large":false,"1536x1536":false,"2048x2048":false,"colormag-highlighted-post":false,"colormag-featured-post-medium":false,"colormag-featured-post-small":false,"colormag-featured-image":false,"colormag-default-news":false,"colormag-featured-image-large":false},"magazineBlocksPostAuthor":{"name":"Fabrice","avatar":"https:\/\/secure.gravatar.com\/avatar\/45a193e99338621692f7cc34a91a0c68eb7d9904b2f37c44a23c9fd7e4c89a07?s=96&d=mm&r=g"},"magazineBlocksPostCommentsNumber":"0","magazineBlocksPostExcerpt":"Nos coordonn\u00e9es : Coordonn\u00e9es GPS :44.03885 N &#8211; 1.81845 E Ferme \u00c9questre de la Gr\u00e9signe650 chemin des Gr\u00e8zesLieu-dit Les Gr\u00e8zes81140","magazineBlocksPostCategories":[],"magazineBlocksPostViewCount":0,"magazineBlocksPostReadTime":1,"_links":{"self":[{"href":"https:\/\/www.ferme-gresigne.fr\/web2\/wp-json\/wp\/v2\/pages\/129","targetHints":{"allow":["GET"]}}],"collection":[{"href":"https:\/\/www.ferme-gresigne.fr\/web2\/wp-json\/wp\/v2\/pages"}],"about":[{"href":"https:\/\/www.ferme-gresigne.fr\/web2\/wp-json\/wp\/v2\/types\/page"}],"author":[{"embeddable":true,"href":"https:\/\/www.ferme-gresigne.fr\/web2\/wp-json\/wp\/v2\/users\/1"}],"replies":[{"embeddable":true,"href":"https:\/\/www.ferme-gresigne.fr\/web2\/wp-json\/wp\/v2\/comments?post=129"}],"version-history":[{"count":22,"href":"https:\/\/www.ferme-gresigne.fr\/web2\/wp-json\/wp\/v2\/pages\/129\/revisions"}],"predecessor-version":[{"id":636,"href":"https:\/\/www.ferme-gresigne.fr\/web2\/wp-json\/wp\/v2\/pages\/129\/revisions\/636"}],"wp:attachment":[{"href":"https:\/\/www.ferme-gresigne.fr\/web2\/wp-json\/wp\/v2\/media?parent=129"}],"curies":[{"name":"wp","href":"https:\/\/api.w.org\/{rel}","templated":true}]}}